{"id":9001,"date":"2024-03-14T10:33:08","date_gmt":"2024-03-14T10:33:08","guid":{"rendered":"https:\/\/clone.salutianuts.com\/?post_type=product&#038;p=9001"},"modified":"2026-04-23T13:08:42","modified_gmt":"2026-04-23T13:08:42","slug":"macadamia-gra-sal-500-gr","status":"publish","type":"product","link":"https:\/\/fruitssecstorra.com\/shop\/producte\/macadamia-gra-sal-500-gr\/","title":{"rendered":"Macad\u00e0mia gra sal 500 gr."},"content":{"rendered":"<p>Macad\u00e0mia de calibre STYL 1, (17-20 mm) fregida amb olis vegetals de primer\u00edssima qualitat, elaborada de forma totalment artesanal.<\/p>\n<p><strong>Ingredients: <\/strong>macad\u00e0mia en gra, oli vegetal i sal.<br \/>\n<strong>\u00das:<\/strong> aperitius, vermuts, picar entre hores, festes familiars i amics i condiment per a cuina.<br \/>\n<strong>Conservaci\u00f3:<\/strong> Hivern (lloc sec, lluny de la llum solar), Estiu (fresc o refrigerat i sec, lluny de la llum solar).<br \/>\nUn cop obert, mantenir ben tancat i consumir preferentment en una setmana.<\/p>\n","protected":false},"excerpt":{"rendered":"<p class=\"p1\"><span class=\"s1\">Macad\u00e0mia de calibre STYL 1, (17-20 mm) fregida amb olis vegetals de primer\u00edssima qualitat, elaborada de forma totalment artesanal.<\/span><\/p>\n","protected":false},"featured_media":14572,"template":"","meta":[],"product_brand":[],"product_cat":[424,422],"product_tag":[],"class_list":{"0":"post-9001","1":"product","2":"type-product","3":"status-publish","4":"has-post-thumbnail","6":"product_cat-500gr-salats","7":"product_cat-salats-aperitius","9":"first","10":"instock","11":"shipping-taxable","12":"purchasable","13":"product-type-simple","14":"layout-style-2","15":"col-md-4 col-sm-4 col-xs-6","16":"col-lg-3","17":"product-has-gallery","18":"product-style-quickview"},"_links":{"self":[{"href":"https:\/\/fruitssecstorra.com\/shop\/wp-json\/wp\/v2\/product\/9001","targetHints":{"allow":["GET"]}}],"collection":[{"href":"https:\/\/fruitssecstorra.com\/shop\/wp-json\/wp\/v2\/product"}],"about":[{"href":"https:\/\/fruitssecstorra.com\/shop\/wp-json\/wp\/v2\/types\/product"}],"wp:featuredmedia":[{"embeddable":true,"href":"https:\/\/fruitssecstorra.com\/shop\/wp-json\/wp\/v2\/media\/14572"}],"wp:attachment":[{"href":"https:\/\/fruitssecstorra.com\/shop\/wp-json\/wp\/v2\/media?parent=9001"}],"wp:term":[{"taxonomy":"product_brand","embeddable":true,"href":"https:\/\/fruitssecstorra.com\/shop\/wp-json\/wp\/v2\/product_brand?post=9001"},{"taxonomy":"product_cat","embeddable":true,"href":"https:\/\/fruitssecstorra.com\/shop\/wp-json\/wp\/v2\/product_cat?post=9001"},{"taxonomy":"product_tag","embeddable":true,"href":"https:\/\/fruitssecstorra.com\/shop\/wp-json\/wp\/v2\/product_tag?post=9001"}],"curies":[{"name":"wp","href":"https:\/\/api.w.org\/{rel}","templated":true}]}}